alculate the remainder when -7 + 185*r/25 is divided by 10.
7
Let g(x) = -139 + 2*x + 3*x + 4*x - 2*x. Calculate the remainder when 86 is divided by g(22).
11
Calculate the remainder when (4 + -6)/((-6)/(-4) - (-1348)/(-888)) is divided by 46.
19
Let s = 8833 - 8755. What is the remainder when 701 is divided by s?
77
Calculate the remainder when (1700/1904*(-64)/(-4))/((-2)/(-91)) is divided by 195.
65
Suppose 10*m - 12 - 38 = 0. Suppose -4*x - 4*r = -616, -3*x + m*r - 3*r = -487. What is the remainder when x is divided by 41?
36
Let m(t) = -7*t**2 - 9*t - 21. Let d(k) = -9*k**2 - 8*k - 21. Let i(p) = 3*d(p) - 4*m(p). What is the remainder when 26 is divided by i(-11)?
6
Let x(m) = 28*m - 349. Calculate the remainder when x(30) is divided by 69.
8
Suppose t + 0*d + 2*d - 89 = 0, -t - 3*d = -90. Suppose 5*w - 115 = -b, 2*w = 3*b - 2*b + 39. Calculate the remainder when t is divided by w.
21
Suppose 0 = -23*m + 53746 + 14794. Suppose 17*i = 7*i + m. Calculate the remainder when i is divided by 43.
40
Let m be (-1670)/130 + 13 - 1649/(-13). Suppose s = -2*d + m, -104 = -4*d + 4*s + 144. What is the remainder when d is divided by (1/1)/((-1)/(-16))?
15
Suppose -t = t + 3*y - 73, t - 38 = -2*y. Let s = -42 + t. What is the remainder when 57 is divided by 20*5/30*(-12)/s?
1
Let m(z) = 28*z + 40. Let j be m(3). Suppose -34 = 9*t - j. What is the remainder when 129 is divided by t?
9
Let g = 7450 - 7027. What is the remainder when g is divided by 343?
80
Let d(o) = -381*o**3 - 3*o**2 - 8*o - 5. What is the remainder when d(-1) is divided by 12?
9
Suppose 456 = 5*u - 9*u. Let y be -2 - (u/8 - (-16)/64). Let w(t) = -t**3 + 13*t**2 - 7*t - 33. Calculate the remainder when 50 is divided by w(y).
23
Suppose 3*j = -0 + 36. Suppose -7*m - 119 = -791. What is the remainder when m is divided by j/8*200/12?
21
Let x = 16092 + -16070. Calculate the remainder when 116 is divided by x.
6
Suppose -159858 = -76*j + 125294. Calculate the remainder when j is divided by 12.
8
Suppose 19715 + 17167 = 15*g - 40623. Calculate the remainder when g is divided by 34.
33
Suppose 54*r + 25*r = -9*r + 528. Calculate the remainder when 706 is divided by r.
4
Let a(o) = o**3 - 5*o**2 + 5*o + 7. Let q = 64 - 2. Let r = 77 - q. What is the remainder when a(6) is divided by r?
13
Let k(s) = 2*s**2 - 2*s - 122. Calculate the remainder when 452 is divided by k(-10).
60
Suppose -6*i = -8*i + 28. Let s = 38 - i. Suppose 4*d - 3*l - 31 = 72, l = -d + s. Calculate the remainder when 37 is divided by d.
12
Suppose 0*j - 7*j = 188*j - 15600. What is the remainder when 135 is divided by j?
55
Calculate the remainder when (1 + -33)/(145/50 - 3) is divided by 13.
8
Suppose -6*r - 41925 = -20*r - 51*r. Calculate the remainder when r is divided by 343.
302
Suppose 2681 = 6*o + 719. Let n = 332 - o. What is the remainder when 62 is divided by n?
2
Suppose -3*c + 24 = 0, u + c - 83 - 215 = 0. What is the remainder when 1427 is divided by u?
267
Suppose 2*l + 89 = 5*o, 2*o + 3*l - 53 = -2*l. Suppose 4*d = o + 101. What is the remainder when d is divided by ((-11)/1*-1)/1?
8
Suppose 4*d - 2*h - 132 = 0, -96*d - 120 = -100*d + 5*h. Calculate the remainder when 100 is divided by d.
30
Let d(c) = -c**3 + 20*c**2 + 405*c. What is the remainder when d(30) is divided by 11?
4
Calculate the remainder when 871 is divided by ((-8)/12)/(((-11)/132)/((-526)/(-16))).
82
Let x(c) = -c**3 + 9*c**2 + 25*c - 147. Let z = 23 - 23. Suppose -5*i + 12 = n + 1, z = 5*n - i - 29. What is the remainder when n is divided by x(10)?
0
Let u(b) = -4*b + 33. Let d be u(-18). Let n = -75 + d. Suppose 471 = 4*x - 0*x + 3*a, 0 = -2*x - 2*a + 236. What is the remainder when x is divided by n?
27
Suppose -44*c + 136*c = 4232. Calculate the remainder when 192 is divided by c.
8
Suppose -10*u - 33 = 87. Calculate the remainder when 10/(-20) + (-33)/u*2 is divided by 0 + 6/(-2)*-1.
2
Suppose -69 = 15*j - 18*j - 3*l, -2*l + 21 = j. What is the remainder when 574 is divided by j?
24
Suppose 4*f + 4 = v, 538 = -3*v - f + 589. Let p(d) = -d**3 - 4*d**2 - 9*d - 7. Calculate the remainder when p(-5) is divided by v.
15
Let q(v) = 4 + 33*v - 4 + 0 + 3. Let c be q(1). Suppose 0*x = x - b - 11, c = 4*x + 4*b. Calculate the remainder when 26 is divided by x.
6
Let v(x) = 16*x + 303. What is the remainder when v(18) is divided by 62?
33
Suppose 0 = 5*a - x - 1234 + 203, 0 = 4*a - 14*x - 904. Calculate the remainder when a is divided by 89.
27
Let o(a) = a + 12. Let v be o(-9). Suppose 116 = 5*f + 3*d - 449, 2*f - 235 = -v*d. What is the remainder when f is divided by 29?
23
Suppose -5*w = -2*r + 37, -w - 12 = -5*r - 0*r. Let y(k) = -2*k**3 - 25*k**2 - 11*k + 17. What is the remainder when 26 + w - 0/(-1) is divided by y(-12)?
4
Let t(s) = 9*s - 11. Let u be t(10). Suppose -10*m + 121 = -u. Calculate the remainder when m is divided by 6.
2
Suppose 2*f - 240*t + 236*t = 4590, -2*t = 2*f - 4572. What is the remainder when f is divided by 45?
39
Suppose 246*p - 536*p + 93817 = -267*p. Calculate the remainder when p is divided by 12.
11
Let z be (1 + 28/8)*(-4)/3. What is the remainder when ((-26)/(-39))/(z/(-801)) is divided by 0 + 0 + 18/2?
8
What is the remainder when 829 is divided by (0 + (-288)/(-30))/((-18)/5 + 4)?
13
Suppose -7*m = -0*m - 3269. Suppose 43 = 10*q - m. Calculate the remainder when q is divided by 27.
24
Suppose -4*q + 3791 + 2161 = 620. What is the remainder when q is divided by 134?
127
Let p = 41385 + -41266. What is the remainder when 1055 is divided by p?
103
Let y be (-3)/(-2) + -5 + 77/14. Suppose y*k = 5*b + 3*k - 130, -b + 26 = -5*k. What is the remainder when b is divided by 5?
1
Let l(d) = -d**3 - 5*d**2 + 5*d - 21. Let q be l(-10). Let b = q + -301. Suppose -5*w + b = -52. What is the remainder when 69 is divided by w?
33
Suppose 4*p + 136 = 2*c, -4*c - 2*p = -3*p - 293. Suppose 66 = 9*a - 3*a. Suppose 250 = -h + a*h. What is the remainder when c is divided by h?
24
Suppose 2*h + 20 = 3*l + 11, -3*l - 3*h - 6 = 0. What is the remainder when l + -5 + 299 + -3 is divided by 59?
56
Let g(l) = -282*l + 9. Let z be g(-6). Suppose 0 = 23*h - z - 1174. What is the remainder when h is divided by 21?
20
Calculate the remainder when (-56)/(-42)*(7990/8 + 2/(-1)) is divided by 17.
3
Let m = -1232 + 1283. Calculate the remainder when 214 is divided by m.
10
Let y = 46 + -45. Let r(g) = -21*g + 2. What is the remainder when r(-6) is divided by (165/(-20)*2)/(y/(-2))?
29
Let d(i) = -4*i + 11. What is the remainder when d(-12) is divided by 23 + -3 + (10 - -1)?
28
Let t = 1184 + -1178. Suppose 2*d - 180 = -5*r, 0 = -2*r - 2 - t. Let u = -1 + 18. What is the remainder when d is divided by u?
15
Let n(m) = m + 7. Suppose -2*r = -6*r + 3*l + 225, 110 = 2*r - 2*l. Calculate the remainder when r is divided by n(0).
4
Let a(x) = 459*x**2 + 29*x + 4. Let v(n) = 306*n**2 + 20*n + 3. Let j(t) = 5*a(t) - 7*v(t). Calculate the remainder when j(1) is divided by 32.
29
Calculate the remainder when 7139 is divided by 7 - (217/(-70)*4 + 20/50).
14
Suppose 10*d = -3*d + 35*d - 858. Calculate the remainder when 1286 is divided by d.
38
Let t(l) = 171*l - 1514. Suppose 3*d = -2*d + 255. Calculate the remainder when t(10) is divided by d.
43
Suppose -c = -4*a + 6, 3 = -426*a + 427*a. Let h = 0 + 0. Suppose h = 4*j + j - 105. Calculate the remainder when j is divided by c.
3
Let f(i) = -68*i + 31 - 36*i + 12*i - 22. Let m = -15 - -33. What is the remainder when f(-3) is divided by m?
15
Let k be (3 - 7) + 2*1. Suppose -4*v - 3*u = -122, -3*u - 15 = v - 41. Let p = v + k. Calculate the remainder when 85 is divided by p.
25
Let d(q) = 2*q**3 - 7*q**2 - 12*q + 10. Let a be d(4). Let i = 68 + a. Suppose 0*n - 549 = -3*n. Calculate the remainder when n is divided by i.
45
Let c be (-8)/(820/412 - 2). Suppose c = 4*m + 4*a, 5*m + 0*a = -3*a + 1028. Suppose 3*p + m = 8*p. What is the remainder when p is divided by 21?
20
Let z = -1615 - -1853. Let b(u) = -u**3 - 4*u**2 - 4. Let h be b(-5). Suppose z = 7*p - h. What is the remainder when p is divided by 6?
1
Let i = -3324 + 3389. What is the remainder when 434 is divided by i?
44
Let x(q) = 1 + 202*q - 207*q + 38*q**2 - 2. What is the remainder when x(-2) is divided by 18?
17
Let b = 74 + -198. Let h = -